{"id":241,"date":"2016-06-08T13:57:10","date_gmt":"2016-06-08T13:57:10","guid":{"rendered":"https:\/\/www.igtec.pt\/?page_id=241"},"modified":"2026-02-22T15:59:05","modified_gmt":"2026-02-22T15:59:05","slug":"pistolas-e-equipamentos-automaticos","status":"publish","type":"page","link":"https:\/\/www.igtec.pt\/index.php\/pt\/pistolas-e-equipamentos-automaticos\/","title":{"rendered":"Pistolas e Equipamentos Autom\u00e1ticos"},"content":{"rendered":"<h2>Pistolas e Equipamentos de Pintura Eletrost\u00e1tica Autom\u00e1ticos<\/h2>\n<p>\t\t\t\t\t\t\t\t\t\t<img decoding=\"async\" width=\"131\" height=\"300\" src=\"https:\/\/www.igtec.pt\/wp-content\/uploads\/2019\/08\/OptiFlex-A1-AS07-en-131x300.jpg\" alt=\"\" srcset=\"https:\/\/www.igtec.pt\/wp-content\/uploads\/2019\/08\/OptiFlex-A1-AS07-en-131x300.jpg 131w, https:\/\/www.igtec.pt\/wp-content\/uploads\/2019\/08\/OptiFlex-A1-AS07-en-300x688.jpg 300w, https:\/\/www.igtec.pt\/wp-content\/uploads\/2019\/08\/OptiFlex-A1-AS07-en.jpg 309w\" sizes=\"(max-width: 131px) 100vw, 131px\" \/>\t\t\t\t\t\t\t\t\t\t\t<\/p>\n<h2>Optiflex A1<\/h2>\n<p>O OptiFlex A1 inclui todas as fun\u00e7\u00f5es necess\u00e1rias para uma pintura de alta-qualidade. O sistema compacto pode ser integrado em qualquer m\u00e1quina de pintura a p\u00f3 existente.<\/p>\n<h2>Optiflex A2<\/h2>\n<p>O Optiflex A2 \u00e9 f\u00e1cil de utilizar e gra\u00e7as ao seu sistema modular, pode ser feito \u00e0 medida das necessidades do cliente. Voc\u00ea pode ter uma vis\u00e3o global de todo o sistema de pintura e escolher todos os par\u00e2metros diretamente atrav\u00e9s dos ecr\u00e3s t\u00e1teis do MagicControl e do OptiControl.<\/p>\n<p>\t\t\t<a href=\"https:\/\/www.igtec.pt\/wp-content\/uploads\/2019\/10\/OptiFlex-Plataforma-Autom\u00e1tica-1.pdf\" target=\"_blank\" role=\"button\" rel=\"noopener noreferrer\"><br \/>\n\t\t\t\t\t\tCat\u00e1logo PT<br \/>\n\t\t\t\t\t<\/a><\/p>\n<h2>OptiStar\u00ae<\/h2>\n<p>O m\u00f3dulo de controlo OptiStar com tecnologia DVC (Digital Valve Control) garante-lhe resultados de pintura precisos e reproduz\u00edveis. Tem 3 programas standards para pe\u00e7as lisas, pe\u00e7as dif\u00edceis e repintura e possui mem\u00f3ria dispon\u00edvel para 250 programas que podem ser configurados pelo utilizador.<\/p>\n<p>\t\t\t\t\t\t\t\t\t\t<img fetchpriority=\"high\" decoding=\"async\" width=\"300\" height=\"200\" src=\"https:\/\/www.igtec.pt\/wp-content\/uploads\/2019\/08\/csm_OptiStar4.0-E-App-Gema_13e2b970f7-300x200.jpg\" alt=\"\" srcset=\"https:\/\/www.igtec.pt\/wp-content\/uploads\/2019\/08\/csm_OptiStar4.0-E-App-Gema_13e2b970f7-300x200.jpg 300w, https:\/\/www.igtec.pt\/wp-content\/uploads\/2019\/08\/csm_OptiStar4.0-E-App-Gema_13e2b970f7-272x182.jpg 272w, https:\/\/www.igtec.pt\/wp-content\/uploads\/2019\/08\/csm_OptiStar4.0-E-App-Gema_13e2b970f7.jpg 600w\" sizes=\"(max-width: 300px) 100vw, 300px\" \/><br \/>\n\t\t\t\t\t\t\t\t\t\t<img decoding=\"async\" width=\"300\" height=\"200\" src=\"https:\/\/www.igtec.pt\/wp-content\/uploads\/2019\/08\/Toz-Boya-Kabini-2-300x200.jpg\" alt=\"\" srcset=\"https:\/\/www.igtec.pt\/wp-content\/uploads\/2019\/08\/Toz-Boya-Kabini-2-300x200.jpg 300w, https:\/\/www.igtec.pt\/wp-content\/uploads\/2019\/08\/Toz-Boya-Kabini-2-768x512.jpg 768w, https:\/\/www.igtec.pt\/wp-content\/uploads\/2019\/08\/Toz-Boya-Kabini-2-272x182.jpg 272w, https:\/\/www.igtec.pt\/wp-content\/uploads\/2019\/08\/Toz-Boya-Kabini-2.jpg 1000w\" sizes=\"(max-width: 300px) 100vw, 300px\" \/>\t\t\t\t\t\t\t\t\t\t\t<\/p>\n<h2>OptiGun \u00ae<\/h2>\n<p>\t\t\tQuer use p\u00f3s standards ou met\u00e1licos, a cascata de alta performance de 110kV assegura sempre \u00f3timos resultados.<br \/>\nA pistola autom\u00e1tica OptiGun \u00e9 compacta e de f\u00e1cil manuten\u00e7\u00e3o. Para trocas de cor, a pistola \u00e9 limpa rapidamente e fica pronta para ser usada novamente.<br \/>\nOs bicos podem ser removidos muito rapidamente, s\u00e3o f\u00e1ceis de limpar e possuem o m\u00ednimo de pe\u00e7as suscept\u00edveis a desgaste.<br \/>\nO SuperCorona opcional recolhe e neutraliza os i\u00f5es livres que podem perturbar a deposi\u00e7\u00e3o de p\u00f3 no objeto.<br \/>\n\t\t\t<a href=\"https:\/\/www.igtec.pt\/wp-content\/uploads\/2019\/10\/OptiGun-GA03-1.pdf\" target=\"_blank\" role=\"button\" rel=\"noopener noreferrer\"><br \/>\n\t\t\t\t\t\tCat\u00e1logo PT<br \/>\n\t\t\t\t\t<\/a><\/p>\n<h2>OptiFlow IG07<\/h2>\n<p>Entrega est\u00e1vel de p\u00f3, interior f\u00e1cil de limpar e baixos custos de manuten\u00e7\u00e3o s\u00e3o os principais benef\u00edcios do injetor de p\u00f3 OptiFlow.<\/p>\n<p>\t\t\t<a href=\"https:\/\/www.igtec.pt\/wp-content\/uploads\/2019\/10\/OptiFlow-IG07-1.pdf\" target=\"_blank\" role=\"button\" rel=\"noopener noreferrer\"><br \/>\n\t\t\t\t\t\tCat\u00e1logo PT<br \/>\n\t\t\t\t\t<\/a><br \/>\n\t\t\t\t\t\t\t\t\t\t<img loading=\"lazy\" decoding=\"async\" width=\"291\" height=\"300\" src=\"https:\/\/www.igtec.pt\/wp-content\/uploads\/2019\/08\/Learn_More_OptiFlow_IG07-300x309-291x300.jpeg\" alt=\"\" srcset=\"https:\/\/www.igtec.pt\/wp-content\/uploads\/2019\/08\/Learn_More_OptiFlow_IG07-300x309-291x300.jpeg 291w, https:\/\/www.igtec.pt\/wp-content\/uploads\/2019\/08\/Learn_More_OptiFlow_IG07-300x309.jpeg 300w\" sizes=\"(max-width: 291px) 100vw, 291px\" \/><br \/>\n\t\t\t\t\t\t\t\t\t\t<img loading=\"lazy\" decoding=\"async\" width=\"282\" height=\"300\" src=\"https:\/\/www.igtec.pt\/wp-content\/uploads\/2019\/08\/OptiCenter-OC07-009668-en-282x300.jpg\" alt=\"\" srcset=\"https:\/\/www.igtec.pt\/wp-content\/uploads\/2019\/08\/OptiCenter-OC07-009668-en-282x300.jpg 282w, https:\/\/www.igtec.pt\/wp-content\/uploads\/2019\/08\/OptiCenter-OC07-009668-en-300x319.jpg 300w, https:\/\/www.igtec.pt\/wp-content\/uploads\/2019\/08\/OptiCenter-OC07-009668-en.jpg 359w\" sizes=\"(max-width: 282px) 100vw, 282px\" \/>\t\t\t\t\t\t\t\t\t\t\t<\/p>\n<h2>OptiCenter\u00ae All-in-One<\/h2>\n<p>Eficiente e compacto, o OptiCenter All-in-One consegue adaptar-se a qualquer disposi\u00e7\u00e3o da sua linha de produ\u00e7\u00e3o, n\u00e3o necessita de cabine de controlo de pistolas.<\/p>\n<p>\t\t\t<a href=\"https:\/\/www.igtec.pt\/wp-content\/uploads\/2019\/10\/OptiCenter-All-in-one-1.pdf\" target=\"_blank\" role=\"button\" rel=\"noopener noreferrer\"><br \/>\n\t\t\t\t\t\tCat\u00e1logo PT<br \/>\n\t\t\t\t\t<\/a><\/p>\n<h2>OptiCenter\u00ae OC07<\/h2>\n<p>A troca de cor mais r\u00e1pida com a aplica\u00e7\u00e3o de cor mais consistente. Esta solu\u00e7\u00e3o pode ser montada autonomamente ou como componente integrante com pistola, sistemas axiais e controlo de cabine.<\/p>\n<p>\t\t\t<a href=\"https:\/\/www.igtec.pt\/wp-content\/uploads\/2019\/10\/OptiCenter-OC07-1.pdf\" target=\"_blank\" role=\"button\" rel=\"noopener noreferrer\"><br \/>\n\t\t\t\t\t\tCat\u00e1logo PT<br \/>\n\t\t\t\t\t<\/a><\/p>\n<h2>OptiCenter\u00ae OC08<\/h2>\n<p>A melhor efici\u00eancia\u00a0 na troca de cor com os custo de opera\u00e7\u00e3o mais baixos.<\/p>\n<p>\t\t\t<a href=\"https:\/\/www.igtec.pt\/wp-content\/uploads\/2019\/10\/OptiCenter-OC08-1.pdf\" target=\"_blank\" role=\"button\" rel=\"noopener noreferrer\"><br \/>\n\t\t\t\t\t\tCat\u00e1logo PT<br \/>\n\t\t\t\t\t<\/a><\/p>\n<h2>Crivo ultrass\u00f3nico US07<br \/>\n<\/h2>\n<p>O novo crivo ultrass\u00f3nico US07 limpa e solta o seu p\u00f3 no recipiente de p\u00f3 dos OptiCenters.<\/p>\n<p>Voc\u00ea seleciona se quer crivar p\u00f3 novo, limpar p\u00f3 reciclado ou processar ambos os tipos de p\u00f3 para um resultado de pintura excecional.<\/p>\n<p>\t\t\t<a href=\"https:\/\/www.igtec.pt\/wp-content\/uploads\/2019\/10\/Peneira-UltraSonica-US07.pdf\" target=\"_blank\" role=\"button\" rel=\"noopener noreferrer\"><br \/>\n\t\t\t\t\t\tCat\u00e1logo PT<br \/>\n\t\t\t\t\t<\/a><br \/>\n\t\t\t\t\t\t\t\t\t\t<img loading=\"lazy\" decoding=\"async\" width=\"150\" height=\"150\" src=\"https:\/\/www.igtec.pt\/wp-content\/uploads\/2019\/08\/csm_UltraSonic-Sieve-US07_9e53aabe0c-150x150.jpeg\" alt=\"\" \/>\t\t\t\t\t\t\t\t\t\t\t<\/p>\n<h2>Tem alguma d\u00favida? <br \/>Contacte-nos atrav\u00e9s do formul\u00e1rio<br \/>\n<\/h2>\n<p>\t\t\t<a href=\"https:\/\/www.igtec.pt\/index.php\/pt\/contacto\/\" role=\"button\"><br \/>\n\t\t\t\t\t\tFale Connosco<br \/>\n\t\t\t\t\t<\/a><\/p>\n","protected":false},"excerpt":{"rendered":"<p>Pistolas e Equipamentos de Pintura Eletrost\u00e1tica Autom\u00e1ticos Optiflex A1 O OptiFlex A1 inclui todas as fun\u00e7\u00f5es necess\u00e1rias para uma pintura de alta-qualidade. O sistema compacto pode ser integrado em qualquer m\u00e1quina de pintura a p\u00f3 existente. Optiflex A2 O Optiflex A2 \u00e9 f\u00e1cil de utilizar e gra\u00e7as ao seu sistema modular, pode ser feito \u00e0&#8230;<\/p>\n","protected":false},"author":1,"featured_media":0,"parent":0,"menu_order":0,"comment_status":"closed","ping_status":"closed","template":"elementor_header_footer","meta":{"content-type":"","footnotes":""},"class_list":["post-241","page","type-page","status-publish","hentry"],"aioseo_notices":[],"_links":{"self":[{"href":"https:\/\/www.igtec.pt\/index.php\/wp-json\/wp\/v2\/pages\/241","targetHints":{"allow":["GET"]}}],"collection":[{"href":"https:\/\/www.igtec.pt\/index.php\/wp-json\/wp\/v2\/pages"}],"about":[{"href":"https:\/\/www.igtec.pt\/index.php\/wp-json\/wp\/v2\/types\/page"}],"author":[{"embeddable":true,"href":"https:\/\/www.igtec.pt\/index.php\/wp-json\/wp\/v2\/users\/1"}],"replies":[{"embeddable":true,"href":"https:\/\/www.igtec.pt\/index.php\/wp-json\/wp\/v2\/comments?post=241"}],"version-history":[{"count":33,"href":"https:\/\/www.igtec.pt\/index.php\/wp-json\/wp\/v2\/pages\/241\/revisions"}],"predecessor-version":[{"id":4316,"href":"https:\/\/www.igtec.pt\/index.php\/wp-json\/wp\/v2\/pages\/241\/revisions\/4316"}],"wp:attachment":[{"href":"https:\/\/www.igtec.pt\/index.php\/wp-json\/wp\/v2\/media?parent=241"}],"curies":[{"name":"wp","href":"https:\/\/api.w.org\/{rel}","templated":true}]}}